3, 5, 11, 71, 239
List the prime factors of 349189665.
3, 5, 11, 192391
List the prime factors of 61491151.
37, 79, 109, 193
What are the prime factors of 97673709?
3, 7, 23, 4127
List the prime factors of 46004076.
2, 3, 67, 19073
What are the prime factors of 637056070?
2, 5, 7, 23, 395687
What are the prime factors of 750785600?
2, 5, 469241
List the prime factors of 157541225.
5, 31, 203279
List the prime factors of 53190629.
97, 223, 2459
List the prime factors of 11774992.
2, 735937
What are the prime factors of 3071247658?
2, 641, 1019, 2351
List the prime factors of 539926884.
2, 3, 7, 71, 479
What are the prime factors of 699285918?
2, 3, 19, 577, 10631
What are the prime factors of 40598672?
2, 61, 41597
List the prime factors of 21672770.
2, 5, 7, 191, 1621
What are the prime factors of 30886311?
3, 269, 38273
List the prime factors of 151075460.
2, 5, 19, 397567
What are the prime factors of 399340323?
3, 1031, 43037
What are the prime factors of 131953791?
3, 107, 411071
List the prime factors of 672588242.
2, 29, 211, 54959
List the prime factors of 1015420560.
2, 3, 5, 7, 11, 23, 2389
List the prime factors of 168161969.
367, 458207
List the prime factors of 3887169142.
2, 23, 53, 151, 10559
What are the prime factors of 22940244?
2, 3, 637229
What are the prime factors of 173558482?
2, 971, 89371
List the prime factors of 80003153.
827, 96739
What are the prime factors of 90170705?
5, 18034141
List the prime factors of 2607268053.
3, 13, 17, 1187, 3313
What are the prime factors of 1377190410?
2, 3, 5, 41, 79, 14173
What are the prime factors of 286373090?
2, 5, 313, 91493
What are the prime factors of 224658007?
7, 601, 53401
List the prime factors of 7273535502.
2, 3, 19, 23, 71, 89, 439
What are the prime factors of 58738253?
7, 19, 29, 97, 157
What are the prime factors of 106156982?
2, 53078491
What are the prime factors of 504611869?
131, 1823, 2113
What are the prime factors of 1175742607?
13, 90441739
List the prime factors of 47458060.
2, 5, 13, 167, 1093
List the prime factors of 121318221.
3, 31, 41, 31817
List the prime factors of 1688828634.
2, 3, 3803, 24671
What are the prime factors of 131220150?
2, 3, 5, 61, 14341
What are the prime factors of 515122372?
2, 17, 7575329
What are the prime factors of 220300907?
29, 7596583
List the prime factors of 355787148.
2, 3, 2027, 14627
What are the prime factors of 4196802385?
5, 839360477
List the prime factors of 913488864.
2, 3, 29, 328121
List the prime factors of 69393381.
3, 59, 392053
List the prime factors of 276760547.
7, 313, 126317
List the prime factors of 37803372.
2, 3, 3150281
List the prime factors of 160200446.
2, 7, 11442889
What are the prime factors of 2067404011?
2067404011
What are the prime factors of 418701937?
59, 7096643
What are the prime factors of 1360135208?
2, 107, 757, 2099
What are the prime factors of 40347195?
3, 5, 7, 384259
List the prime factors of 68595114.
2, 3, 7, 37, 1193
What are the prime factors of 1654218292?
2, 12823, 32251
What are the prime factors of 9426076?
2, 11, 59, 3631
What are the prime factors of 2530048416?
2, 3, 7, 3764953
What are the prime factors of 10668379?
10668379
List the prime factors of 4211927671.
7, 37, 617, 26357
List the prime factors of 48998304.
2, 3, 56711
List the prime factors of 200711198.
2, 89, 883, 1277
List the prime factors of 4473484506.
2, 3, 419, 593143
List the prime factors of 59059716.
2, 3, 4921643
List the prime factors of 5484523.
11, 17, 139, 211
List the prime factors of 40652106.
2, 3, 11, 615941
What are the prime factors of 55158793?
55158793
What are the prime factors of 254677036?
2, 4363, 14593
List the prime factors of 184478443.
1013, 182111
What are the prime factors of 57454912?
2, 67, 13399
What are the prime factors of 1295539054?
2, 19, 34093133
List the prime factors of 335448848.
2, 7, 43, 69653
What are the prime factors of 23844393?
3, 599, 4423
List the prime factors of 9612626.
2, 4806313
List the prime factors of 174683600.
2, 5, 7, 13, 4799
List the prime factors of 7175297905.
5, 19163, 74887
What are the prime factors of 28807202?
2, 1559, 9239
What are the prime factors of 63869150?
2, 5, 167, 7649
What are the prime factors of 28287017?
11, 233777
What are the prime factors of 2063426493?
3, 17, 40459343
What are the prime factors of 38534266?
2, 47, 367, 1117
List the prime factors of 557287311.
3, 7, 4327, 6133
What are the prime factors of 2885274092?
2, 22907, 31489
List the prime factors of 3456048343.
11, 3109, 9187
What are the prime factors of 2861033524?
2, 31, 23072851
List the prime factors of 119272251.
3, 7, 631, 9001
List the prime factors of 65496649.
8093
What are the prime factors of 51528498?
2, 3, 7, 175267
What are the prime factors of 1414464?
2, 3, 53, 139
What are the prime factors of 103935970?
2, 5, 10393597
What are the prime factors of 1096744305?
3, 5, 23, 1667, 1907
List the prime factors of 3087720334.
2, 1543860167
List the prime factors of 357682189.
89, 4018901
What are the prime factors of 52474281?
3, 17491427
What are the prime factors of 154379860?
2, 5, 7718993
What are the prime factors of 67962389?
11, 6178399
What are the prime factors of 152246565?
3, 5, 827, 4091
List the prime factors of 66827587.
37, 1806151
List the prime factors of 282109644.
2, 3, 19, 193, 2137
List the prime factors of 1913922533.
1117, 1713449
List the prime factors of 25534583.
47, 543289
List the prime factors of 1364375011.
1364375011
What are the prime factors of 1232737280?
2, 5, 240769
What are the prime factors of 94767869?
7, 53, 157, 1627
What are the prime factors of 9389073?
3, 3129691
List the prime factors of 2119542756.
2, 3, 43, 4107641
List the prime factors of 316295027.
316295027
What are the prime factors of 103620946?
2, 11, 13, 19, 19069
What are the prime factors of 3204867623?
41, 1693, 46171
List the prime factors of 1329781.
131, 10151
List the prime factors of 589257080.
2, 5, 14731427
What are the prime factors of 2764016326?
2, 47, 859, 34231
List the prime factors of 69202575.
3, 5, 13, 59, 401
What are the prime factors of 102656591?
17, 6038623
List the prime factors of 2697074651.
3469, 777479
List the prime factors of 1422800296.
2, 10889, 16333
What are the prime factors of 3234993545?
5, 7, 92428387
What are the prime factors of 287797483?
287797483
List the prime factors of 28048499.
28048499
What are the prime factors of 1025771587?
1025771587
List the prime factors of 72174713.
13, 23, 199, 1213
What are the prime factors of 2349475247?
7, 37, 79, 114827
List the prime factors of 29430320.
2, 5, 367879
List the prime factors of 301993142.
2, 11, 47, 79, 3697
List the prime factors of 81055295.
5, 16211059
What are the prime factors of 127591099?
19, 59, 113819
What are the prime factors of 3331502558?
2, 163, 10219333
List the prime factors of 134592490.
2, 5, 47, 286367
What are the prime factors of 665459084?
2, 17, 9786163
List the prime factors of 1648415013.
3, 7, 17, 29, 89, 1789
What are the prime factors of 58975588?
2, 7, 23, 91577
List the prime factors of 724782303.
3, 7, 19, 201833
What are the prime factors of 1328089?
7, 23, 73, 113
List the prime factors of 665029750.
2, 5, 7, 11, 179, 193
List the prime factors of 108221585.
5, 103, 210139
List the prime factors of 44050804.
2, 7, 97, 331
What are the prime factors of 1721689077?
3, 439, 1307281
What are the prime factors of 1676133?
3, 20693
What are the prime factors of 88114568?
2, 43, 256147
List the prime factors of 6118700.
2, 5, 7, 8741
List the prime factors of 99830548.
2, 2141, 11657
List the prime factors of 18525643.
18525643
List the prime factors of 688008403.
127, 5417389
What are the prime factors of 115831523?
17, 233, 29243
List the prime factors of 1051587827.
1051587827
List the prime factors of 126503523.
3, 443, 31729
What are the prime factors of 64851148?
2, 59, 283, 971
List the prime factors of 1456823423.
11, 19, 5237
What are the prime factors of 42938691?
3, 14312897
What are the prime factors of 37532286?
2, 3, 11, 131, 1447
List the prime factors of 111860004.
2, 3, 487, 19141
What are the prime factors of 1338662524?
2, 334665631
List the prime factors of 311237469.
3, 103, 335747
List the prime fa